{"id":1226,"date":"2022-02-02T17:29:33","date_gmt":"2022-02-02T16:29:33","guid":{"rendered":"https:\/\/www.edlesobst.at\/?page_id=1226"},"modified":"2023-01-03T16:19:21","modified_gmt":"2023-01-03T15:19:21","slug":"datenschutzerklaerung-edlesobst-e-u","status":"publish","type":"page","link":"https:\/\/www.edlesobst.at\/?page_id=1226","title":{"rendered":"Datenschutzerkl\u00e4rung"},"content":{"rendered":"<p><br>Vielen Dank f\u00fcr Ihr Interesse an unserem Onlineauftritt. Der Schutz Ihrer pers\u00f6nlichen Daten liegt uns sehr am Herzen. An dieser Stelle m\u00f6chten wir Sie daher \u00fcber den Datenschutz in unserem Unternehmen informieren. Selbstverst\u00e4ndlich beachten wir die gesetzlichen Bestimmungen des Datenschutzgesetzes (DSG2000, EUDSGVO) des Telekommunikations-gesetzes (TKG) und anderer<br>datenschutzrechtlicher Bestimmungen.<br>Bei Ihren pers\u00f6nlichen Daten k\u00f6nnen Sie uns vertrauen! Sie werden durch digitale Sicherheitssysteme verschl\u00fcsselt und an uns \u00fcbertragen. Unsere Webseiten sind durch technische Ma\u00dfnahmen gegen Besch\u00e4digungen, Zerst\u00f6rung oder unberechtigten Zugriff gesch\u00fctzt.<\/p><p><br><strong>Gegenstand des Datenschutzes<\/strong><br>Gegenstand des Datenschutzes sind personenbezogene Daten. Diese sind nach EUDSGVO Einzelangaben \u00fcber pers\u00f6nliche oder sachliche Verh\u00e4ltnisse einer bestimmten oder bestimmbaren nat\u00fcrlichen Person. Hierunter fallen z. B. Angaben wie Name, Post-Adresse, E-Mail-Adresse oderTelefonnummer, ggf. aber auch Nutzungsdaten wie Ihre IP-Adresse.<br><\/p><p><strong>Umfang der Datenerhebung und -speicherung<\/strong><br>Im Allgemeinen ist es f\u00fcr die Nutzung unserer Internetseite nicht erforderlich, dass Sie personenbezogene Daten angeben. Damit wir unsere Dienstleistungen aber tats\u00e4chlich erbringen k\u00f6nnen, ben\u00f6tigen wir ggf. Ihre personenbezogenen Daten. Dies gilt vor allem f\u00fcr die Beantwortung individueller Anfragen bzw. f\u00fcr die Anmeldung zum Newsletter.<\/p><p>Um sich bei unseren Newsletter-Dienst anzumelden, ben\u00f6tigen wir mindestens Ihre E-Mail-Adresse, an die der Newsletter versendet werden soll. Weitere Angaben werden verwendet, um Sie im Newsletter pers\u00f6nlich ansprechen oder um R\u00fcckfragen zu erm\u00f6glichen. Wir verwenden f\u00fcr den Newsletterversand das Double Opt-In-Verfahren. Das hei\u00dft, dass Ihnen erst dann Newsletter zusenden wird, wenn Sie Ihre Anmeldung nach Mitteilung Ihrer E-Mail-Adresse \u00fcber eine von uns zugesendete E-Mail und einen darin enthaltenen Link best\u00e4tigen. Damit stellen wir sicher, dass nur Sie selbst sich als Nutzer der angegebenen E-Mail-Adresse beim Newsletter-Dienst anmelden k\u00f6nnen. Bis zu einer Best\u00e4tigung durch Sie, nimmt der Newsletter-Dienst keine weiteren Anmeldungen unter der angegebenen E-Mail-Adresse entgegen. Sie k\u00f6nnen einen bei uns abonnierten Newsletter jederzeit abbestellen. Dazu k\u00f6nnen Sie uns entweder eine E-Mail zusenden oder \u00fcber einen Link am Ende des Newsletters eine Stornierung vornehmen. Die personenbezogenen Daten werden gespeichert und f\u00fcr den Newsletterversand verwendet, bis Sie sich abmelden. Eine Weitergabe der Daten an Dritte erfolgt nicht.<\/p><p>Wenn Sie uns mit der Erbringung einer Dienstleistung (z.B. Bestellung und Versand von Produkten) beauftragen, erheben und speichern wir Ihre pers\u00f6nlichen Daten grunds\u00e4tzlich nur, soweit es f\u00fcr die Erbringung der Dienstleistung oder die Durchf\u00fchrung des Auftrages notwendig ist.<\/p><p><br>Folgende Daten werden im Zuge einer Bestellung erhoben: <strong>Vorname, Nachname, Postadresse, Telefonnummer und Email Adresse.<\/strong><\/p><p><br>Dazu kann es erforderlich sein, Ihre pers\u00f6nlichen Daten an Unternehmen weiterzugeben, die wir zur Erbringung der Dienstleistung oder zur Vertragsabwicklung einsetzen. Im Falle einer Versendung von Produkten an Sie beauftragen wir Post AG bzw. den Paketdienst DPD Direct Parcel Distribution Austria GmbH<br><\/p><p>Eine Weitergabe Ihrer pers\u00f6nlichen Daten an Dritte erfolgt ohne Ihre ausdr\u00fcckliche Einwilligung nicht, sofern dies nicht zur Erbringung der Dienstleistung oder zur Vertragsdurchf\u00fchrung notwendig ist (wie oben angegeben). Auch die \u00dcbermittlung an auskunftsberechtigte staatliche Institution und Beh\u00f6rden erfolgt nur im Rahmen der gesetzlichen Auskunftspflichten oder wenn wir durch eine gerichtliche Entscheidung zur Auskunft verpflichtet werden. In letzterem Fall werden die Betroffenen<br>\u00fcber die \u00dcbermittlung der Daten umgehend informiert.<br>Nach vollst\u00e4ndiger Vertragsabwicklung werden Ihre Daten nach Ablauf des Verwendungszweckes und der steuer- und handelsrechtlichen Aufbewahrungsvorschriften gel\u00f6scht, sofern Sie nicht ausdr\u00fccklich einer dar\u00fcber hinausgehende Datenverwendung zugestimmt haben (siehe L\u00f6schunganrecht).<br>Wenn Sie sich mit Ihrer E-Mail-Adresse f\u00fcr unseren Newsletter angemeldet haben, nutzen wir Ihre E-Mail-Adresse auch \u00fcber die Vertragsdurchf\u00fchrung hinaus f\u00fcr eigene Werbezwecke, bis Sie sich vom Newsletter-Bezug abmelden.<br><\/p><p><strong>Erhebung und Speicherung von Nutzungsdaten<\/strong><br>Zur Optimierung unserer Webseite sammeln und speichern wir Daten wie z. B. Datum und Uhrzeit des Seitenaufrufs oder die Seite, von der Sie unsere Seite aufgerufen haben. Dies erfolgt anonymisiert, ohne den Benutzer der Seite pers\u00f6nlich zu identifizieren. Unter Umst\u00e4nden werden Nutzerprofile mittels eines Pseudonyms erstellt. Auch hierbei erfolgt keine Verbindung zwischen der<br>hinter dem Pseudonym stehenden nat\u00fcrlichen Personen mit den erhobenen Nutzungsdaten. Diese Daten erheben wir ausschlie\u00dflich zu statistischen Zwecken, um unseren Internetauftritt weiter zu optimieren und unsere Internetangebote noch attraktiver gestalten zu k\u00f6nnen. Die Erhebung und Speicherung erfolgt ausschlie\u00dflich in anonymisierter oder pseudonymisierter Form und l\u00e4sst keinen<br>R\u00fcckschluss auf Sie als nat\u00fcrlich Person zu.<br><\/p><p><strong>Zweckgebundene Datenverwendung<\/strong><br>Wir beachten den Grundsatz der zweckgebundenen Daten-Verwendung und erheben, verarbeiten und speichern personenbezogene Daten nur f\u00fcr die Zwecke, die legitim sind und eine entsprechende Rechtsgrundlage besitzen, in unserem Falle zur Abwicklung einer Bestellung bzw. Beantwortung von Kundenanfragen via Email oder Telefon<br><br>Auch den unternehmensinternen Datenschutz nehmen wir sehr ernst. Unsere Mitarbeiter und die von uns beauftragten Dienstleistungsunternehmen sind von uns zur Verschwiegenheit und zur Einhaltung der datenschutzrechtlichen Bestimmungen verpflichtet worden.<br><\/p><p><strong>Auskunfts-, L\u00f6schungs- und Widerspruchsrecht sowie Kontaktdaten<\/strong><br>Ihnen steht das Recht zu, jederzeit in angemessenem Umfang Auskunft \u00fcber bzw. L\u00f6schung der von Ihnen verarbeiteten personenbezogenen Daten zu verlangen. Ferner steht Ihnen das Recht zu, diese Daten berichtigen oder sperren zu lassen. Ebenso haben Sie das Recht, jederzeit, ohne Angabe von Gr\u00fcnden, der Verarbeitung Ihrer personenbezogenen Daten zu widersprechen. In diesem Fall werden wir die weitere Verarbeitung Ihrer personenbezogenen Daten sofort einstellen und die Daten unwiederbringlich vernichten. Bitte beachten Sie, dass dadurch eine weitere Zusammenarbeit ausgeschlossen wird oder Dienstleistungen unsererseits nicht mehr m\u00f6glich sind.<\/p><p><br>Wenn Sie Auskunft \u00fcber Ihre personenbezogenen Daten beziehungsweise deren Korrektur oder L\u00f6schung w\u00fcnschen sowie Widerspruch einlegen m\u00f6chten oder weitergehende Fragen \u00fcber die Verwendung Ihrer uns \u00fcberlassenen personenbezogenen Daten haben, kontaktieren Sie bitte:<\/p><p><br>Angelika Zierl<br>1110 Wien, Oriongasse 35\/2\/142<br>+43 680 2311618<br>datenschutz@edlesobst.at<br><br>Jeder Betroffene hat jederzeit das Recht, sich bei Unzufriedenheit, Unstimmigkeiten oder bei einem Verdacht auf Unregelm\u00e4\u00dfigkeiten direkt an die Datenschutzbeh\u00f6rde seines Heimatlandes zu richten.<\/p><p><br>Beachten sie, dass sich Datenschutzbestimmungen und Handhabungen zum Datenschutz, z. B. bei Google, laufend \u00e4ndern k\u00f6nnen. Es ist daher ratsam und erforderlich, sich \u00fcber Ver\u00e4nderungen der gesetzlichen Bestimmungen und der Praxis von Unternehmen, z. B. Google, laufend zu informieren.<\/p><p><\/p>","protected":false},"excerpt":{"rendered":"<p>Vielen Dank f\u00fcr Ihr Interesse an unserem Onlineauftritt. Der Schutz Ihrer pers\u00f6nlichen Daten liegt uns sehr am Herzen. An dieser Stelle m\u00f6chten wir Sie daher&hellip;<\/p>\n","protected":false},"author":3,"featured_media":0,"parent":0,"menu_order":0,"comment_status":"closed","ping_status":"closed","template":"","meta":{"footnotes":""},"class_list":["post-1226","page","type-page","status-publish","hentry"],"_links":{"self":[{"href":"https:\/\/www.edlesobst.at\/index.php?rest_route=\/wp\/v2\/pages\/1226","targetHints":{"allow":["GET"]}}],"collection":[{"href":"https:\/\/www.edlesobst.at\/index.php?rest_route=\/wp\/v2\/pages"}],"about":[{"href":"https:\/\/www.edlesobst.at\/index.php?rest_route=\/wp\/v2\/types\/page"}],"author":[{"embeddable":true,"href":"https:\/\/www.edlesobst.at\/index.php?rest_route=\/wp\/v2\/users\/3"}],"replies":[{"embeddable":true,"href":"https:\/\/www.edlesobst.at\/index.php?rest_route=%2Fwp%2Fv2%2Fcomments&post=1226"}],"version-history":[{"count":5,"href":"https:\/\/www.edlesobst.at\/index.php?rest_route=\/wp\/v2\/pages\/1226\/revisions"}],"predecessor-version":[{"id":1288,"href":"https:\/\/www.edlesobst.at\/index.php?rest_route=\/wp\/v2\/pages\/1226\/revisions\/1288"}],"wp:attachment":[{"href":"https:\/\/www.edlesobst.at\/index.php?rest_route=%2Fwp%2Fv2%2Fmedia&parent=1226"}],"curies":[{"name":"wp","href":"https:\/\/api.w.org\/{rel}","templated":true}]}}